. Let x(y) = y**3 + 8*y**2 + 7*y. Let s be x(q). Suppose -3*b + 1412 - 461 = s. Is b a composite number?
False
Suppose 2*f + 1478 = 2*n + f, -3684 = -5*n - 3*f. Let b = n + -293. Is b a composite number?
True
Let x(l) = 98*l**2 - l - 5. Suppose j - 2 - 1 = 0. Let f be x(j). Suppose -3*t + f = -239. Is t prime?
False
Suppose -8 = 82*g - 84*g. Suppose -g*x = i - 727, 0 = 3*i + 3*x - 1988 - 220. Is i a prime number?
True
Let i = -8 - -10. Suppose -q = -i*r - 2*q + 3, -5*r - 9 = -3*q. Suppose 2*h - h - 71 = r. Is h a prime number?
True
Suppose -15*i = 2439 - 20724. Is i a prime number?
False
Let a(z) = z**3 + z**2 + 3*z - 6. Let u be a(0). Is (-12729)/(-18) + 1/u a composite number?
True
Suppose 8814 = 5*v - 701. Is v composite?
True
Let k(z) be the first derivative of -z**4/4 - 13*z**3/3 + 2*z**2 + 29*z - 24. Is k(-14) prime?
False
Let z = -547 + 2254. Suppose -f = -z + 358. Is f prime?
False
Let q(l) = 605*l - 271. Is q(10) composite?
False
Suppose -60 = -31*w + 19*w. Suppose 0 = -2*l + 5*y + 5468, -4 = -w*y - 14. Is l composite?
False
Let z = 321 + 158. Suppose -355 = -3*d - t + 114, 3*d - t = z. Is d prime?
False
Is 2/18 + (-38206560)/(-540) a composite number?
False
Let c be 192/42 - (24/(-14))/4. Suppose w + 1944 = c*w + 2*z, 4*w - 2*z = 1952. Is w a composite number?
False
Is (-11)/(-22) + (-59522)/(-4) prime?
False
Suppose -7*h + 103 = -72. Let x = h - -24. Is x a prime number?
False
Let x = 14 + -1. Suppose 832 = -14*o + x*o. Let i = o + 1983. Is i a prime number?
True
Let m = -5062 - -9645. Is m prime?
True
Let n(j) be the third derivative of -j**6/8 + j**5/30 - j**4/24 - j**3/2 - 12*j**2. Is n(-2) a composite number?
False
Suppose 51*a = 45*a + 2190. Is a a composite number?
True
Suppose 13 = 5*p + o - 20, -4*o - 18 = -5*p. Let w(i) = 4*i**2 - 5*i + 7. Is w(p) composite?
True
Let x(y) = 14*y**3 - 9*y**2 - y + 3. Let w(s) = s**2 + s - 1. Let z(b) = 4*w(b) + x(b). Is z(3) prime?
False
Suppose 0 = 30*l - 31*l + 4. Suppose 3*i = 9, -274 = -l*x - i - i. Is x a composite number?
False
Let f(a) = -5*a - 93. Let b be f(-19). Suppose -4*z = -0*z + b*k - 1412, -z + 2*k + 353 = 0. Is z composite?
False
Suppose 3*d + 2 - 50 = 0. Suppose -22*v + 15942 = -d*v. Is v composite?
False
Suppose -3*s + 0*o + 1679 = -4*o, -3*s + o + 1673 = 0. Let t = s + -334. Is t a prime number?
True
Let u be (-7)/(-3) - 2/6. Suppose 839 - 205 = u*w. Is w a prime number?
True
Let y(v) = -6*v + 637. Let d(f) = 1. Let p(r) = -6*d(r) + y(r). Is p(0) prime?
True
Let g(p) = p**3 + 35*p**2 + 42*p + 70. Is g(-29) prime?
False
Suppose 4*q = -0*k + 4*k + 176, 0 = 4*q + 3*k - 211. Suppose 51*c = q*c + 334. Is c prime?
True
Is (-16)/(-48) - (-4362)/9 a composite number?
True
Suppose 0 = -10*b + 6114 + 236. Is b a prime number?
False
Suppose -3*r = -10 - 2. Suppose 2*d = -2*a - 2, r*d + 12 = -4. Suppose a*p + 368 = 2*z - 0*p, 559 = 3*z - p. Is z composite?
True
Suppose -7 = -0*p - p. Let d = p - -6. Let b(z) = 10*z - 9. Is b(d) composite?
True
Let w(f) be the second derivative of f**5/5 - 5*f**4/12 - f**3/3 - f**2 + 5*f. Let g be w(6). Suppose 0 = -5*z - 3*m + g, 0*m + 151 = z + 4*m. Is z prime?
True
Let m(l) = -7*l**3 - 12*l**2 + 20*l + 20. Is m(-7) a composite number?
False
Let w = -221 + 355. Is w a composite number?
True
Let q(i) = 536*i**2 - 1. Let p be q(-1). Suppose p = 2*x + 9. Is x a prime number?
True
Let m be -28*(-2)/20*5. Let z(o) = 11*o - 2 + m*o**2 - o**3 - 4*o**2 + 9. Is z(8) prime?
True
Suppose 0*z - 2*z - 334 = 0. Let w = 292 + z. Suppose 0 = 3*s - 28 - w. Is s a composite number?
True
Let k(g) = 3*g**2 + 10. Suppose 0 = 2*b + b + 24. Is k(b) a prime number?
False
Let j be 8*(-58)/(-4) - (9 - 10). Suppose -3*t - t = -16. Suppose -2*d + k + 134 = 0, 2*k - j = -t*d + 167. Is d prime?
False
Let g = 1 + 3. Suppose 5 = c + g. Is (c + 306)*(1 - 0) prime?
True
Let i(u) = -23*u - 3. Let t(h) be the second derivative of -4*h**3 - h**2 + 3*h. Let g(y) = 5*i(y) - 6*t(y). Is g(2) a prime number?
False
Let u(p) = -4*p**3 - 3*p**2 - 8*p - 7. Suppose -t - 57 = -51. Is u(t) prime?
True
Let d = -8 + 10. Let v be (2 - 1) + (d - 3). Suppose -3*j + 88 + 31 = 4*o, v = -5*j - o + 170. Is j prime?
False
Let u(s) = -s**2 - 3*s + 2. Let b be u(-6). Let m = b + 12. Is (308/(-8))/(2/m) prime?
False
Let j(s) = 177*s + 1. Suppose -2 = v + r, -2*r - 3 + 1 = 3*v. Is j(v) composite?
True
Suppose -a = -t - 356, -7*a + 4*a - 4*t = -1082. Suppose 5*j - 451 = 3*s, -5*j + a = -j - s. Is j composite?
False
Let t = -839 - -529. Let b be (-4)/2 - (t - 2). Suppose 4*q - 454 = b. Is q composite?
False
Let h be 5/(-2)*(-512)/40. Suppose 0 = m + h + 26. Let f = m + 155. Is f a prime number?
True
Suppose 2*t - 54 = 4*d + 4*t, 5*d = -t - 63. Let b = 18 + d. Suppose 0 = 7*n - b*n - 265. Is n prime?
False
Let k = 50751 - 24004. Is k composite?
True
Let c = 6201 - 4. Is c a prime number?
True
Suppose -z = 3*z. Suppose z = -5*c + 4*u + 110, 0*c - c + 2*u + 22 = 0. Suppose -172 = -2*b + c. Is b prime?
True
Let x(z) be the second derivative of -z**4/12 - z**3/2 + z**2 + 8*z. Let h be x(3). Is 3795/4 + (-4)/h prime?
False
Let a(f) be the first derivative of 71*f**2/2 - 10*f - 1. Is a(9) a composite number?
True
Let r = -168 + 175. Suppose r*d = 12*d - 62405. Is d prime?
False
Let u(c) be the third derivative of -c**6/120 - c**5/20 + c**4/12 - c**3/2 - 2*c**2. Suppose d = 6*d + 25. Is u(d) a prime number?
True
Let c(k) = -3*k**3 - 93*k**2 + 11*k + 15. Is c(-36) a composite number?
True
Let o = 1284 + -707. Suppose 254 = 3*p - o. Suppose w - p = -2*c - 0*w, 273 = 2*c + 5*w. Is c prime?
True
Suppose 10*n + 12 = 12*n. Let v(c) = 5*c**2 + 11. Is v(n) composite?
False
Let o(a) = 16 - 6 - 60*a**3 + a - 10. Is o(-1) a composite number?
False
Let r be -3 + 13/((-65)/870). Let c = 964 - r. Is c a prime number?
False
Let l(z) = -50*z**3 + z - 1. Let p be l(2). Let r = 670 + p. Is r prime?
True
Let c = 678 - 960. Let r = 445 + c. Is r a composite number?
False
Suppose -35497 = -3*l - 5*s + 14795, -83801 = -5*l - 2*s. Is l a prime number?
True
Let s = 10 - 25. Let q(b) = -b**3 - 10*b**2 + 10*b + 10. Is q(s) prime?
False
Let y(q) be the third derivative of -q**5/60 + 5*q**4/24 - 4*q**3/3 - 6*q**2. Let m be y(4). Is 5/10 - 1002/m a prime number?
True
Let d be -2*(-381)/30 - (-6)/10. Is (-4)/d + 55492/52 prime?
False
Suppose f - 2*n - 21847 = 0, 10*n - 13*n = 12. Is f prime?
True
Let l(v) = -v**3 - 5*v**2 - v + 7. Let z = -11 + 16. Suppose 4*g + 33 = -3*y, 5*y = z*g - 2*g + 3. Is l(g) composite?
True
Let j be 34/(-6) - (-1)/(-3). Let y(o) = -8*o**2 - 8*o**2 + 8*o + 23*o**2 - 7 + 8. Is y(j) a prime number?
False
Suppose p + 210 = k, 0*k + 4*p = -k + 235. Suppose 9*b + k = 14*b. Is b composite?
False
Let v(h) = 37*h**3 + 9*h**2 - 8*h + 11. Is v(4) a prime number?
False
Let s(y) = -73*y - 22 - 35*y + 16 - 19. Is s(-10) prime?
False
Let i = -666 - -163. Let x = i + 1032. Is x composite?
True
Suppose 3*m - 65273 - 24145 = 0. Is (-9)/15 + m/35 prime?
False
Let d = 79664 - 47672. Is (-2)/5 + (d/30 - 5) a composite number?
False
Let c = 16613 + -10184. Suppose -616 = -5*n + c. Is n a prime number?
True
Let t be (9 - -1)*8/20. Let n be (-1077)/(-15) + t/20. Suppose 2*g = n + 218. Is g a composite number?
True
Let b(d) = -2*d - 12. Let k be b(-7). Suppose -1615 = -5*t + k*t - 2*o, -5*t + 2690 = 3*o. Is t composite?
True
Let g(z) = 14*z**2 + z - 56. Is g(10) prime?
False
Is 5034/(-9)*(-984)/16 a composite number?
True
Let k(u) = 4*u**2 - 4*u + 13. Let d = -11 - -13. Suppose -f + 30 = d*f. Is k(f) a prime number?
True
Let j = 124 + -110. Is j a composite number?
True
Let s = -383 + 750. Is s a prime number?
True
Let c(p) = 5913*p + 37. Is c(2) a composite number?
False
Suppose 0 = -m - 3*m - 16. Let s be (10/(-8))/(1/m). Suppose -142 = -s*c + 3*d, c + 2*d + 138 = 6*c. Is c prime?
False
Let k = -224 - -115. Let o = k - -248. Is o a composite number?
False
Suppose -19*s + 5*b = -17*s - 4025, -10072 = -5*s + 3*b. Let u = 453 - 1791. Let q = u + s. Is q a composite number?
False
Let m = 62 - 41. Suppose 5*g = 4*v - 859, -2*g - m = 5*v - 1070. Is v a composite number?
False
Suppose -1 = 3*p - 8*p + 3*j, -4*j = 8. Is 0/p - -1 - -556 prime?
True
Let r(m) = -10*m**2 + 2*m + 2. Let b be r(-1). Is 7*2/35 - 826/b prime?
True
Suppose -14*w - 111987 = -